 21 a factor of 1521963975?
True
Is 3327 a factor of 1103090278?
False
Does 28 divide 221077332?
True
Is 481 a factor of 918833136?
True
Is 31 a factor of 5287453?
True
Is 38 a factor of 363447878?
False
Does 332 divide 2473300068?
True
Is 843627930 a multiple of 38?
True
Is 185873438 a multiple of 2491?
True
Is 1440580 a multiple of 17?
True
Is 89203674 a multiple of 154?
False
Is 3922801 a multiple of 158?
False
Is 41987847 a multiple of 13?
False
Is 619682879 a multiple of 16?
False
Is 5 a factor of 44752582?
False
Does 9 divide 18252306?
True
Does 4 divide 1378906?
False
Is 8 a factor of 23684505?
False
Is 365970465 a multiple of 49?
True
Is 110128788 a multiple of 2035?
False
Is 4013813076 a multiple of 14?
True
Does 40 divide 52289520?
True
Does 10 divide 99212430?
True
Is 135458160 a multiple of 4?
True
Is 51516611 a multiple of 73?
True
Is 775083000 a multiple of 8555?
True
Is 648 a factor of 1514690543?
False
Is 218644272 a multiple of 924?
True
Is 251 a factor of 157897825?
True
Is 155280564 a multiple of 999?
True
Is 1829984401 a multiple of 81?
False
Is 2050 a factor of 20198650?
True
Does 1842 divide 237301416?
False
Is 1345 a factor of 27434466?
False
Does 144 divide 33984518?
False
Does 23 divide 18945882?
True
Does 7 divide 335573287?
True
Is 40693258 a multiple of 47?
True
Is 45 a factor of 2461995?
True
Does 1112 divide 37633416?
True
Is 655844685 a multiple of 38?
False
Is 29 a factor of 1065752059?
True
Is 274846449 a multiple of 249?
True
Does 109 divide 22140267?
False
Is 13 a factor of 11439307?
False
Is 955 a factor of 146689910?
True
Does 5 divide 2613072?
False
Does 18 divide 11013120?
True
Is 981973155 a multiple of 204?
False
Is 7 a factor of 26453867?
False
Is 313171056 a multiple of 7?
False
Does 23 divide 259099340?
False
Is 192464014 a multiple of 37?
False
Does 214 divide 13280840?
True
Does 250 divide 59985750?
True
Does 68 divide 15597704?
True
Is 6157053 a multiple of 63?
True
Is 21894462 a multiple of 81?
True
Does 2339 divide 858525730?
False
Is 249 a factor of 523613255?
False
Is 27130350 a multiple of 50?
True
Is 105 a factor of 377157270?
True
Is 343 a factor of 1353762004?
True
Is 5809480 a multiple of 467?
True
Is 289 a factor of 328593?
True
Is 22 a factor of 63173539?
False
Does 1115 divide 1817105465?
True
Is 39226038 a multiple of 8?
False
Is 45213703 a multiple of 3?
False
Is 22955759 a multiple of 272?
False
Is 346 a factor of 138073030?
True
Does 120 divide 315000960?
True
Does 479 divide 77561596?
True
Is 82 a factor of 103723197?
False
Does 2 divide 770406696?
True
Does 61 divide 1499779?
False
Is 1958 a factor of 165419672?
True
Does 28 divide 999958485?
False
Does 1215 divide 2743190550?
True
Is 23 a factor of 86907223?
False
Is 336 a factor of 298284797?
False
Is 20 a factor of 99503220?
True
Does 45 divide 49689655?
False
Is 87372331 a multiple of 975?
False
Is 2467 a factor of 31235529?
False
Is 74207580 a multiple of 12?
True
Does 229 divide 334088667?
False
Is 242128351 a multiple of 605?
False
Is 2338707504 a multiple of 168?
True
Does 27 divide 290514934?
False
Does 53 divide 608546?
True
Is 24 a factor of 16331328?
True
Is 60 a factor of 337432460?
False
Is 1175 a factor of 1072822000?
True
Is 3 a factor of 1205384?
False
Does 14 divide 44349375?
False
Is 2840 a factor of 16534480?
True
Is 24 a factor of 608917128?
True
Is 142 a factor of 57520624?
False
Does 1300 divide 918128105?
False
Does 43 divide 1791271656?
False
Is 25201106 a multiple of 2261?
True
Is 346 a factor of 19847542?
False
Is 36802813 a multiple of 146?
False
Is 17933632 a multiple of 4?
True
Does 10 divide 13383280?
True
Is 127999934 a multiple of 2?
True
Is 1308 a factor of 1492428?
True
Is 193310960 a multiple of 628?
True
Does 592 divide 614130361?
False
Is 52131294 a multiple of 322?
False
Is 534851860 a multiple of 7?
False
Is 16 a factor of 947584128?
True
Is 485693744 a multiple of 839?
True
Does 14 divide 49768796?
True
Does 592 divide 20724736?
True
Is 65 a factor of 2508449580?
True
Does 6 divide 493644235?
False
Is 63 a factor of 4466700?
True
Is 102629118 a multiple of 26?
False
Is 15 a factor of 335223225?
True
Does 83 divide 38673296?
False
Is 24 a factor of 10013209?
False
Is 644400 a multiple of 155?
False
Is 3 a factor of 97389726?
True
Is 657594275 a multiple of 4885?
True
Is 2204678577 a multiple of 5?
False
Does 3 divide 178709604?
True
Does 146 divide 323436282?
True
Is 3100008 a multiple of 3161?
False
Is 32843978 a multiple of 1354?
True
Is 832 a factor of 9939072?
True
Is 714454707 a multiple of 8784?
False
Is 49193622 a multiple of 2?
True
Is 16587513 a multiple of 3?
True
Is 14 a factor of 117097582?
True
Does 336 divide 20156304?
True
Is 8 a factor of 175691329?
False
Is 198042912 a multiple of 1688?
True
Does 495 divide 380045655?
True
Is 160940967 a multiple of 59?
True
Does 60 divide 213923580?
True
Does 191 divide 275555509?
True
Does 139 divide 538518248?
True
Is 6 a factor of 66417618?
True
Does 99 divide 120036032?
False
Does 29 divide 48031167?
False
Does 151 divide 5197269?
True
Is 189 a factor of 32347350?
True
Is 157 a factor of 13024522?
False
Is 533907792 a multiple of 1179?
True
Does 1033 divide 13027499?
False
Does 403 divide 146646332?
False
Is 77 a factor of 1639362571?
True
Is 20381788 a multiple of 1315?
False
Does 157 divide 1430237030?
True
Is 14622060 a multiple of 87?
False
Is 16 a factor of 190651360?
True
Is 145 a factor of 24936306?
False
Does 960 divide 31933891?
False
Is 15552415 a multiple of 2?
False
Does 255 divide 436198145?
False
Is 99 a factor of 8871947?
False
Is 6845647 a multiple of 3?
False
Does 51 divide 5525929?
False
Does 46 divide 3607677?
False
Is 172090948 a multiple of 11?
False
Is 839925041 a multiple of 5179?
True
Does 166 divide 1159876399?
False
Is 2564832173 a multiple of 2391?
False
Is 165352569 a multiple of 2649?
False
Is 72 a factor of 10192809?
False
Is 8 a factor of 88078560?
True
Does 89 divide 75517452?
False
Is 71932080 a multiple of 55?
True
Is 84052836 a multiple of 1029?
True
Is 55 a factor of 302800286?
False
Is 153 a factor of 469042710?
False
Is 10 a factor of 1954900?
True
Is 1839663000 a multiple of 70?
True
Is 1327994371 a multiple of 6?
False
Is 113 a factor of 90991103?
True
Is 192 a factor of 5001600?
True
Is 12 a factor of 30109308?
True
Is 610250204 a multiple of 1808?
False
Does 12 divide 10540980?
True
Is 438 a factor of 84012780?
True
Does 5082 divide 981588300?
True
Is 32641461 a multiple of 202?
False
Does 180 divide 31053600?
True
Does 603 divide 182044494?
True
Is 4 a factor of 16161953?
False
Is 27 a factor of 11823435?
True
Does 19 divide 60601127?
True
Is 1578 a factor of 568380134?
False
Is 22890908 a multiple of 173?
False
Does 20 divide 2895540?
True
Is 6645450 a multiple of 50?
True
Is 90 a factor of 3174947721?
False
Is 162 a factor of 62779698?
True
Does 2 divide 3900220?
True
Is 1100812800 a multiple of 1308?
True
Does 1535 divide 660245106?
False
Is 504699334 a multiple of 45?
False
Does 14 divide 61021706?
False
Is 11 a factor of 1764394765?
False
Is 73 a factor of 10257887?
True
Is 106 a factor of 841199516?
False
Is 4003362554 a multiple of 10?
False
Does 217 divide 4726339856?
True
Is 75009269 a multiple of 19?
False
Is 3185 a factor of 60998475?
False
Does 97 divide 55242179?
True
Is 14 a factor of 36979684?
True
Is 1274 a factor of 619750460?
False
Is 107 a factor of 763161589?
False
Does 1198 divide 2980216680?
True
Is 71299798 a multiple of 3643?
False
Is 486152017 a multiple of 1249?
True
Does 456 divide 150121994?
False
Is 490281552 a multiple of 4219?
True
Does 331 divide 14026142?
False
Does 31 divide 180194506?
True
Does 308 divide 1801216956?
True
Does 1801 divide 93158891?
False
Is 10 a factor of 330985090?
True
Is 631598833 a multiple of 3?
False
Does 472 divide 33534618?
False
Does 3 divide 46627910?
False
Is 124 a factor of 11548158?
False
Does 95 divide 3696948271?
False
Is 632 a factor of 82523980?
False
Is 194 a factor of 1391562?
True
Is 94113251 a multiple of 154?
False
Does 3093 divide 2472479247?
True
Does 16 divide 46731952?
True
Does 1652 divide 223763400?
True
Does 193 divide 185993907?
True
Does 68 divide 296600632?
True
Is 383603730 a multiple of 570?
True
Does 14